eds digit of (5421/4)/13 + 2/f?
1
Let b = -51 - -31. Let f = b + 8. Let p = f + 23. What is the tens digit of p?
1
Suppose 906 = u + w, 906 = -u + 2*u - 2*w. What is the tens digit of u?
0
Let m(z) = -2*z**2 - 15*z + 21. Let b(h) = -h**2 - h - 1. Let a(s) = -3*b(s) + m(s). Let o be a(11). Let q = 28 + o. What is the units digit of q?
1
What is the hundreds digit of 5/10 - (-5484)/8?
6
Let k(h) = h**3 + 12*h**2 + 19*h + 2. Let p be k(-10). Let f = p + -4. What is the units digit of f?
8
Let l = -34 + 40. Suppose -l - 12 = 2*u. What is the tens digit of ((-60)/(-3))/5 - u?
1
Let m(u) = 4*u - 13. Let y be m(7). Suppose y*f = -1213 + 4768. What is the hundreds digit of f?
2
Let v(r) = -3*r + 8. Let q be v(-12). Let u = 88 - q. What is the units digit of u?
4
Let r(y) be the second derivative of y**4/12 + y**3/2 + 3*y**2/2 - 9*y. Let u be r(-4). What is the tens digit of 11 + u/(28/16)?
1
Suppose 0 = -4*g - 3*t + 31, -2*g + 3*g + t - 9 = 0. Suppose -g*x + 0*x - 3*l = -12, 0 = -l. What is the units digit of x?
3
Let v be (-23)/(3 + -2)*-1. Let j = v + -20. Suppose -r + 6*r + 5*p - 275 = 0, -2*r + j*p = -120. What is the units digit of r?
7
Suppose 4*y + 4 = -o + 21, -3*o + 2*y = -9. Suppose -7*i = -o*i - 142. What is the units digit of i?
1
Suppose -7*i = 35 + 91. Suppose 10 = 5*v + 4*o + 35, 0 = v + 2*o + 11. What is the tens digit of ((-459)/i)/(v/(-2))?
5
Let t(s) = -2*s**2 - 14*s + 7. Let n be t(-11). Let g = -30 - n. What is the units digit of g?
1
Let d be 7/2 - 3/(-6). Suppose 2*m + m = 3*v - 3, d*v - 10 = -2*m. What is the units digit of v?
2
Let n(z) = 9*z**2 - 2 + 1076*z + 17*z**2 - 1077*z. What is the units digit of n(-1)?
5
Let r(v) = -v**2 + v - 1. Let s(n) = 2*n**2 - n + 2. Let z(l) = -4*r(l) - s(l). What is the tens digit of z(-5)?
6
Let d(s) = 4*s**2 + 3*s + 1. Let n be d(-1). Suppose m = c - 287, 0 = 2*c + c + n*m - 866. What is the hundreds digit of c?
2
Suppose 566 = 4*s - 5*l, 3*s - 10*l + 6*l - 425 = 0. What is the tens digit of s?
3
Let z = -109 - -110. What is the units digit of z?
1
Suppose 5*k - 560 = -5*p, -7*k - 433 = -11*k + p. What is the tens digit of k?
0
Let t = -114 + 268. What is the tens digit of t?
5
Let z = 10 + -10. Suppose -10*g + 27 + 253 = z. What is the units digit of g?
8
Let n = 36 - 32. Suppose -n = 5*k - 29. Suppose -l + 35 = -k*z, -169 = -3*l - 4*z + 3*z. What is the units digit of l?
5
Suppose 4*j + 18 = 3*z - 2*z, z - 12 = 2*j. What is the units digit of (-1)/z - 147/(-18)?
8
Suppose -3*p - 2*n + 4 = -4*n, 0 = -5*p + 4*n + 8. Let y be p/(-3)*1/(-2). Suppose 2*v + 7 - 49 = y. What is the tens digit of v?
2
Let o(n) = 4*n - 14. Let p be o(4). Suppose 0 = -p*q - 3*x + 38, 5*x - 16 = -q - 4. What is the tens digit of q?
2
Let w = 10 + -4. Let x = w - 2. Suppose 0 = -0*s + 2*s + 3*m - 33, 2*m = -x*s + 78. What is the units digit of s?
1
Let m be 0/(2*(-4 - -3)). Suppose 2*s - t = -2*t + 94, 5*t - 10 = m. What is the units digit of s?
6
Let z be (70/30)/(1/9). Let g = 18 - z. What is the tens digit of 29/(4 + g) + 0?
2
Suppose -4*b - 2*l = -4, b + 0*b - 4*l - 10 = 0. Suppose 2*d = -t + 11, 41 - 15 = b*d + 4*t. Suppose 0*j = d*j - 66. What is the tens digit of j?
2
Suppose 2*y = -w + 563, -y + 3*w = -4*y + 852. What is the units digit of 1 + 4/6*y?
7
Let g be (-22)/(-6) + (-2)/3. Suppose g*m - 3 = 3. Suppose 4*k - 126 = -m*k. What is the tens digit of k?
2
Suppose 2*r - 13 = r. Let b = r - -7. What is the tens digit of b?
2
Suppose 5 = 5*s - 10. Suppose 330 = 3*b - t, 5*b - s*t + 2*t - 550 = 0. What is the units digit of b?
0
Let w(l) = l**3 + l**2 - 3*l + 248. Suppose 0*o + 20 = 3*i - 4*o, 4*i - 3*o - 15 = 0. What is the hundreds digit of w(i)?
2
Let f be (-8)/(-4)*34/4. Let m = 22 - f. Suppose -63 - 12 = -m*y. What is the units digit of y?
5
Let f(x) = x - x**3 + 8*x**2 - 13 + 2*x + 14. Let y be f(8). What is the units digit of (-31)/(-5) + (-5)/y?
6
Let k = 304 - 238. What is the units digit of k?
6
Let a = 5447 + -2264. What is the units digit of a?
3
Suppose y - 482 = 3*d, 0 = 23*d - 18*d. What is the tens digit of y?
8
Let t be 7 + ((-8)/(-12) - (-1)/3). What is the tens digit of (-97 + -5)/(-2 + t/6)?
5
What is the units digit of 3 - -44*4 - 4?
5
Let f(s) = s - 8. Let b be f(11). Suppose -3*a + 20 = g, -b*a = 2*g - 7*a. Suppose 3*c - 73 = -3*m + g, 2*m - 52 = -c. What is the units digit of m?
5
Let u be (1 + 9/(-6))*100. Let k = u + 76. What is the tens digit of k?
2
Let i be -2*(10 - 3 - 4). What is the tens digit of (-4)/i*486/4?
8
Suppose -3*x + 16 = 5*y, -4*x = -0*y - 4*y. Suppose -y*h = -z + 16, 2*z - 4*h - 80 = -2*z. What is the units digit of z?
4
Suppose 19*i - 25*i = -3300. What is the units digit of i?
0
Suppose 0 = 2*y + 72 - 196. Suppose 0 = 4*i - t - 0*t - 14, -i + 8 = 2*t. Suppose -2*d = -2*g - 5*d + 36, -y = -i*g - d. What is the units digit of g?
5
Suppose 4*r - 151 = 285. Suppose u = -3*g - 23 + r, 360 = 5*u + g. What is the units digit of u?
1
Suppose 0 = 29*j - 72254 - 53287. What is the units digit of j?
9
Suppose 4 = -5*c + 5*i + 74, 24 = c + 4*i. Let u = c - -36. What is the tens digit of u?
5
Let r(x) = 403*x**2 - 3*x + 9. What is the hundreds digit of r(2)?
6
Let l(x) = -x**3 + 18*x**2 - 16*x + 5. Let k be l(17). Let s = -15 + k. Suppose 6*a - s*a = -40. What is the tens digit of a?
4
Suppose -273 = -5*z + 7742. What is the tens digit of z?
0
Let j = -20 + 33. Let m = -11 + j. What is the units digit of (-1 + m)*7 - 0?
7
Let g = 67 + 441. What is the units digit of g?
8
Let w = -33 - -44. Let i = w - -156. What is the tens digit of i?
6
Let g(z) be the second derivative of z**5/20 + 11*z**4/12 - 8*z**3/3 + 5*z**2/2 + 6*z. What is the tens digit of g(-12)?
5
Suppose 3*i + 2*z - 3*z = 14, 0 = -4*z + 4. Suppose -v = -i*u + 663, -657 = -5*u - 0*v + 4*v. What is the units digit of u?
3
Let m = 1 - -3. Suppose -m = -u - 1. Suppose -3*p = 4*x - p, 2*x + u*p = -4. What is the units digit of x?
1
Let l(m) = -m + 8. Let r be l(6). Suppose 0 = -r*o + 10, 0 = -n - n + o - 25. Let w = n + 60. What is the units digit of w?
0
Let x = 10 - 7. Let b be 16/(-24) + (-10)/x. What is the tens digit of b + -4 + 4 + 18?
1
Suppose 2*y = 329 + 1187. What is the units digit of y?
8
Let z = -27 - -32. Suppose -204 = -8*b + z*b. What is the units digit of b?
8
Let x(w) = -w. Let m(v) = -2*v**3 + v**2 + 4*v - 230. Let z(c) = -m(c) - 4*x(c). What is the tens digit of z(0)?
3
Suppose 4*i = 3*q, -5*q - 7*i = -2*i - 35. Suppose 2*j + q - 10 = 0. Suppose -15 = -4*v - 5*s, -7 = j*v - 5*v - 3*s. What is the units digit of v?
5
Let v(y) = -y - 1. Let x(p) = -p**2 + p - 6. Let d(n) = v(n) - x(n). What is the units digit of d(6)?
9
Let u(q) = -2*q**3 + q**2 - 1. Let f be u(2). Let c = f - -33. What is the tens digit of c?
2
Let f = 1452 - 790. What is the units digit of f?
2
Let b(o) = -o**3 - 8*o**2 + 2*o + 14. Let k be b(-6). What is the units digit of (-56)/k*70/2?
8
Suppose -3*y + y + 12 = 5*q, 0 = -2*q - 2*y + 6. Suppose 2 = -0*b + q*b. What is the units digit of b?
1
Let s = 458 - 313. Suppose 213 = 2*q - i - s, q - 5*i = 170. What is the tens digit of q?
8
Let i = -928 + 3901. What is the thousands digit of i?
2
Let j(s) = 2*s - 14. Let b be j(7). Suppose -3*u - 3 = b, -5*u = -4*i + 5*i - 267. Suppose -i = z - 5*z. What is the tens digit of z?
6
Let z(u) = 2*u**2 - 5*u - 2. Let d = -15 - -21. Let i be z(d). Let x = 77 - i. What is the tens digit of x?
3
Suppose 4*t = 10 + 230. Suppose -19*r + 16*r = 84. Let s = r + t. What is the units digit of s?
2
Let g = 18 + 45. Let k = g - 39. What is the tens digit of k?
2
Suppose 0 = -8*a - 4 + 4. Suppose -4 + 2 = 2*g, -n - 2*g + 79 = a. What is the units digit of n?
1
Let i(k) = -2*k + 7. Let w be i(8). What is the tens digit of -15*(-4)/((-12)/w)?
4
Let o(v) be the second derivative of -v**5/30 - v**4/12 + v**3/3 + 6*v. Let h(p) be the second derivative of o(p). What is the units digit of h(-2)?
6
Let z = 1640 + -1357. What is the tens digit of z?
8
Suppose 14*p + 5*p = 11096. What is the units digit of p?
4
Let q = -68 + 40. What is the units digit of (-12)/q + (-190)/(-14)?
4
Let z(a) = a**3 - 15*a**2 + 3*a - 13. Let j be z(15). Suppose t - j = 3*i, 4*t + 3*i = -t + 178. What is the tens digit of t?
3
Let m be 14/(-63) - 27870/(-27). Suppose -42*a - m = -46*a.